{"id":10,"date":"2025-10-07T13:52:40","date_gmt":"2025-10-07T13:52:40","guid":{"rendered":"https:\/\/martina.freilis.at\/?page_id=10"},"modified":"2025-12-12T18:11:26","modified_gmt":"2025-12-12T18:11:26","slug":"test2","status":"publish","type":"page","link":"https:\/\/martina.freilis.at\/?page_id=10","title":{"rendered":"test2"},"content":{"rendered":"\n<div class=\"wp-block-group alignfull has-base-background-color has-text-color has-background has-link-color wp-elements-e902de8395cff3771e1a84f326c5cce9 is-layout-flow wp-container-core-group-is-layout-33c15b5c wp-block-group-is-layout-flow\" style=\"color:#3a5242;margin-top:0;margin-bottom:0;padding-top:0;padding-right:var(--wp--preset--spacing--50);padding-bottom:0;padding-left:var(--wp--preset--spacing--50)\">\n<div class=\"wp-block-columns alignwide is-layout-flex wp-container-core-columns-is-layout-1da03c2a wp-block-columns-is-layout-flex\">\n<div class=\"wp-block-column is-vertically-aligned-stretch is-layout-flow wp-block-column-is-layout-flow\" style=\"flex-basis:50%\">\n<div class=\"wp-block-group is-vertical is-content-justification-stretch is-layout-flex wp-container-core-group-is-layout-401b7a8a wp-block-group-is-layout-flex\" style=\"min-height:100%\">\n<p class=\"has-accent-4-color has-text-color has-link-color has-large-font-size wp-elements-23811afedc51cb7fa4d8ac4b3f7a870b\" style=\"line-height:1.3\"><strong>WEIL IHRE GESUNDHEIT Z\u00c4HLT<\/strong><\/p>\n\n\n\n<p class=\"has-text-color has-link-color has-medium-font-size wp-elements-815e0c799a4a312839f3d25c22b107ee\" style=\"color:#3a5242;line-height:1.3\">seit 3. Oktober 2022 d\u00fcrfen wir Sie in unserer neu ausgestatteten Ordination mit Hausapotheke am bekannten Standort in der&nbsp;<br><strong>Wei\u00dfe-Kreuz-Stra\u00dfe 76 in Adlwang&nbsp;<\/strong>begr\u00fc\u00dfen.<\/p>\n\n\n\n<p class=\"has-accent-4-color has-text-color has-link-color has-medium-font-size wp-elements-363e05e344c1713838254c6635cb2fa2\" style=\"line-height:1.3\"><strong>Wir freuen uns nach wie vor \u00fcber neue Patientinnen und Patienten und laden sie herzlich ein, uns als Ihren Hausarzt zu w\u00e4hlen.<\/strong><\/p>\n\n\n\n<figure class=\"wp-block-pullquote has-base-2-background-color has-background has-large-font-size\" style=\"border-top-left-radius:28px;border-top-right-radius:28px;border-bottom-left-radius:28px;border-bottom-right-radius:28px;margin-top:var(--wp--preset--spacing--10);margin-right:var(--wp--preset--spacing--10);margin-bottom:var(--wp--preset--spacing--10);margin-left:var(--wp--preset--spacing--10);padding-top:var(--wp--preset--spacing--10);padding-right:var(--wp--preset--spacing--20);padding-bottom:var(--wp--preset--spacing--10);padding-left:var(--wp--preset--spacing--20)\"><blockquote><p>Man soll vor allem Mensch sein und dann erst Arzt.<\/p><cite>Voltaire<\/cite><\/blockquote><\/figure>\n<\/div>\n<\/div>\n\n\n\n<div class=\"wp-block-column is-vertically-aligned-center is-layout-flow wp-block-column-is-layout-flow\" style=\"flex-basis:50%\">\n<figure class=\"wp-block-image size-large has-custom-border is-style-rounded is-style-rounded--1\" style=\"margin-top:0;margin-right:0;margin-bottom:0;margin-left:0\"><img loading=\"lazy\" decoding=\"async\" width=\"723\" height=\"1024\" src=\"https:\/\/martina.freilis.at\/wp-content\/uploads\/2025\/10\/Martina-723x1024.jpg\" alt=\"\" class=\"wp-image-41\" style=\"border-style:none;border-width:0px;border-radius:11px;aspect-ratio:3\/4;object-fit:cover\" srcset=\"https:\/\/martina.freilis.at\/wp-content\/uploads\/2025\/10\/Martina-723x1024.jpg 723w, https:\/\/martina.freilis.at\/wp-content\/uploads\/2025\/10\/Martina-212x300.jpg 212w, https:\/\/martina.freilis.at\/wp-content\/uploads\/2025\/10\/Martina-768x1087.jpg 768w, https:\/\/martina.freilis.at\/wp-content\/uploads\/2025\/10\/Martina.jpg 1085w\" sizes=\"auto, (max-width: 723px) 100vw, 723px\" \/><\/figure>\n<\/div>\n<\/div>\n<\/div>\n\n\n\n<div class=\"wp-block-group alignfull has-background has-global-padding is-layout-constrained wp-container-core-group-is-layout-196cc5a9 wp-block-group-is-layout-constrained\" style=\"background-color:#3a5242;margin-top:0;margin-bottom:0;padding-top:73px;padding-bottom:73px\">\n<h2 class=\"wp-block-heading alignwide has-base-color has-text-color has-link-color has-body-font-family has-x-large-font-size wp-elements-88ee5d506fa3064d197d9b9bc88630a0\">Aktuelles aus der Praxis<\/h2>\n\n\n\n<div class=\"wp-block-columns alignwide is-layout-flex wp-container-core-columns-is-layout-28f84493 wp-block-columns-is-layout-flex\">\n<div class=\"wp-block-column is-layout-flow wp-block-column-is-layout-flow\">\n<p class=\"has-base-color has-text-color has-link-color wp-elements-337c7f7eb416ecd0bbf6d070580f8951\">geschlossen<\/p>\n<\/div>\n\n\n\n<div class=\"wp-block-column is-layout-flow wp-block-column-is-layout-flow\">\n<p class=\"has-base-color has-text-color has-link-color wp-elements-9eede451fe806e5386e1e641ba991fd9\">Aktuelles 1<\/p>\n<\/div>\n\n\n\n<div class=\"wp-block-column is-layout-flow wp-block-column-is-layout-flow\">\n<p class=\"has-base-color has-text-color has-link-color wp-elements-fc45ab72a3176c0bcea8f6b7c1525045\">Aktuelles 2<\/p>\n<\/div>\n<\/div>\n<\/div>\n\n\n\n<div class=\"wp-block-group alignfull has-accent-4-background-color has-background has-global-padding is-layout-constrained wp-container-core-group-is-layout-669513ed wp-block-group-is-layout-constrained\" style=\"margin-top:0;margin-bottom:0;padding-top:var(--wp--preset--spacing--50);padding-right:var(--wp--preset--spacing--50);padding-bottom:var(--wp--preset--spacing--50);padding-left:var(--wp--preset--spacing--50)\">\n<div class=\"wp-block-columns alignwide is-layout-flex wp-container-core-columns-is-layout-28f84493 wp-block-columns-is-layout-flex\">\n<div class=\"wp-block-column is-layout-flow wp-block-column-is-layout-flow\" style=\"flex-basis:66.66%\"><\/div>\n\n\n\n<div class=\"wp-block-column is-layout-flow wp-block-column-is-layout-flow\"><\/div>\n\n\n\n<div class=\"wp-block-column is-layout-flow wp-block-column-is-layout-flow\" style=\"flex-basis:33.33%\">\n<h2 class=\"wp-block-heading has-body-font-family\">\u00d6ffnungszeiten<\/h2>\n\n\n\n<p><strong>MONTAG:<\/strong> 14:00 Uhr &#8211; 18:00 Uhr<\/p>\n\n\n\n<p><strong>DIENSTAG:<\/strong> 07:30 Uhr &#8211; 12:00 Uhr<\/p>\n\n\n\n<p><strong>MITTWOCH:<\/strong> Geschlossen<\/p>\n\n\n\n<p><strong>DONNERSTAG:<\/strong> 07:30 Uhr &#8211; 12:00 Uhr<\/p>\n\n\n\n<p><strong>FREITAG:<\/strong> 07:30 Uhr &#8211; 12:00 Uhr<\/p>\n\n\n\n<p><strong>SAMSTAG: <\/strong>07:30 &#8211; 10:00 Uhr<\/p>\n\n\n\n<p><strong>SONNTAG: <\/strong>Geschlossen<\/p>\n<\/div>\n<\/div>\n<\/div>\n\n\n\n<div class=\"wp-block-group alignfull has-base-background-color has-text-color has-background has-link-color wp-elements-118ddd4950dbb9a6d1b7e0e4f00342f5 has-global-padding is-layout-constrained wp-container-core-group-is-layout-f6cc5ae6 wp-block-group-is-layout-constrained\" style=\"color:#3c2323;margin-top:0;margin-bottom:0;padding-top:var(--wp--preset--spacing--30);padding-right:var(--wp--preset--spacing--50);padding-bottom:var(--wp--preset--spacing--30);padding-left:var(--wp--preset--spacing--50)\">\n<div class=\"wp-block-group is-vertical is-content-justification-center is-layout-flex wp-container-core-group-is-layout-ce155fab wp-block-group-is-layout-flex\">\n<h2 class=\"wp-block-heading has-text-align-center has-text-color has-link-color has-xx-large-font-size wp-elements-7de21cdb5de28e37835fb627b75e1960\" style=\"color:#3a5242\">Unser Team<\/h2>\n\n\n\n<p class=\"has-text-align-center has-text-color has-link-color wp-elements-6cfd5683cd25cad03da249869c79300c\" style=\"color:#3a5242\">Willkommen in unserer Ordination in Adlwang!<br>Wir sind f\u00fcr Sie da und unterst\u00fctzen Sie gerne bei Ihren gesundheitlichen Anliegen.<\/p>\n<\/div>\n\n\n\n<div style=\"height:var(--wp--preset--spacing--30)\" aria-hidden=\"true\" class=\"wp-block-spacer\"><\/div>\n\n\n\n<div class=\"wp-block-columns alignwide is-layout-flex wp-container-core-columns-is-layout-4935966c wp-block-columns-is-layout-flex\" style=\"padding-right:0;padding-left:0\">\n<div class=\"wp-block-column is-layout-flow wp-block-column-is-layout-flow\">\n<figure class=\"wp-block-image size-full is-style-rounded is-style-rounded--2\"><img loading=\"lazy\" decoding=\"async\" width=\"1085\" height=\"1536\" src=\"https:\/\/martina.freilis.at\/wp-content\/uploads\/2025\/10\/Martina.jpg\" alt=\"\" class=\"wp-image-41\" style=\"aspect-ratio:1;object-fit:cover\" srcset=\"https:\/\/martina.freilis.at\/wp-content\/uploads\/2025\/10\/Martina.jpg 1085w, https:\/\/martina.freilis.at\/wp-content\/uploads\/2025\/10\/Martina-212x300.jpg 212w, https:\/\/martina.freilis.at\/wp-content\/uploads\/2025\/10\/Martina-723x1024.jpg 723w, https:\/\/martina.freilis.at\/wp-content\/uploads\/2025\/10\/Martina-768x1087.jpg 768w\" sizes=\"auto, (max-width: 1085px) 100vw, 1085px\" \/><\/figure>\n\n\n\n<div class=\"wp-block-group is-vertical is-content-justification-center is-nowrap is-layout-flex wp-container-core-group-is-layout-21d4e958 wp-block-group-is-layout-flex\">\n<p class=\"has-text-align-center has-text-color has-link-color has-small-font-size wp-elements-c0170834ef270244f3a8fabb60e100a4\" style=\"color:#3a5242\"><strong>Dr. Martina H\u00f6rtenhuber<\/strong><\/p>\n\n\n\n<p class=\"has-text-align-center has-text-color has-link-color has-small-font-size wp-elements-5fc3005aa2822c1145caef84f213903b\" style=\"color:#3a5242\">\u00c4rztin f\u00fcr Allgemeinmedizin<br>Fach\u00e4rztin f\u00fcr An\u00e4sthesie und Intenvismedizin<br>Notfall\u00e4rztin<\/p>\n<\/div>\n<\/div>\n\n\n\n<div class=\"wp-block-column is-layout-flow wp-block-column-is-layout-flow\">\n<figure class=\"wp-block-image size-full is-style-rounded is-style-rounded--3\"><img loading=\"lazy\" decoding=\"async\" width=\"1103\" height=\"1471\" src=\"https:\/\/martina.freilis.at\/wp-content\/uploads\/2025\/10\/Renate-edited-3.jpg\" alt=\"\" class=\"wp-image-51\" style=\"aspect-ratio:1;object-fit:cover\" srcset=\"https:\/\/martina.freilis.at\/wp-content\/uploads\/2025\/10\/Renate-edited-3.jpg 1103w, https:\/\/martina.freilis.at\/wp-content\/uploads\/2025\/10\/Renate-edited-3-225x300.jpg 225w, https:\/\/martina.freilis.at\/wp-content\/uploads\/2025\/10\/Renate-edited-3-768x1024.jpg 768w\" sizes=\"auto, (max-width: 1103px) 100vw, 1103px\" \/><\/figure>\n\n\n\n<div class=\"wp-block-group is-vertical is-content-justification-center is-nowrap is-layout-flex wp-container-core-group-is-layout-63bfd6c1 wp-block-group-is-layout-flex\">\n<p class=\"has-text-align-center has-text-color has-link-color has-small-font-size wp-elements-425052b754889d14f0216174913c1206\" style=\"color:#3a5242\"><strong>Renate Hahnl<\/strong><\/p>\n\n\n\n<p class=\"has-text-align-center has-text-color has-link-color has-small-font-size wp-elements-f2e723f3b3fba81e0ff513f274b6a5b3\" style=\"color:#3a5242\">Ordinationsassistentin<\/p>\n<\/div>\n<\/div>\n\n\n\n<div class=\"wp-block-column is-layout-flow wp-block-column-is-layout-flow\">\n<figure class=\"wp-block-image size-full is-style-rounded is-style-rounded--4\"><img loading=\"lazy\" decoding=\"async\" width=\"1184\" height=\"1578\" src=\"https:\/\/martina.freilis.at\/wp-content\/uploads\/2025\/10\/unknown-edited-1.jpg\" alt=\"\" class=\"wp-image-52\" style=\"aspect-ratio:1;object-fit:cover\" srcset=\"https:\/\/martina.freilis.at\/wp-content\/uploads\/2025\/10\/unknown-edited-1.jpg 1184w, https:\/\/martina.freilis.at\/wp-content\/uploads\/2025\/10\/unknown-edited-1-225x300.jpg 225w, https:\/\/martina.freilis.at\/wp-content\/uploads\/2025\/10\/unknown-edited-1-768x1024.jpg 768w, https:\/\/martina.freilis.at\/wp-content\/uploads\/2025\/10\/unknown-edited-1-1152x1536.jpg 1152w\" sizes=\"auto, (max-width: 1184px) 100vw, 1184px\" \/><\/figure>\n\n\n\n<div class=\"wp-block-group is-vertical is-content-justification-center is-nowrap is-layout-flex wp-container-core-group-is-layout-63bfd6c1 wp-block-group-is-layout-flex\">\n<p class=\"has-text-align-center has-text-color has-link-color has-small-font-size wp-elements-82b126d18b137b82e735d3c6d8e9fc17\" style=\"color:#3a5242\"><strong>Stephanie Klausriegler<\/strong><\/p>\n\n\n\n<p class=\"has-text-align-center has-text-color has-link-color has-small-font-size wp-elements-f2e723f3b3fba81e0ff513f274b6a5b3\" style=\"color:#3a5242\">Ordinationsassistentin<\/p>\n<\/div>\n<\/div>\n\n\n\n<div class=\"wp-block-column is-layout-flow wp-block-column-is-layout-flow\">\n<figure class=\"wp-block-image size-full is-style-rounded is-style-rounded--5\"><img loading=\"lazy\" decoding=\"async\" width=\"1008\" height=\"1344\" src=\"https:\/\/martina.freilis.at\/wp-content\/uploads\/2025\/10\/Bernhard-edited-2.jpg\" alt=\"\" class=\"wp-image-53\" style=\"aspect-ratio:1;object-fit:cover\" srcset=\"https:\/\/martina.freilis.at\/wp-content\/uploads\/2025\/10\/Bernhard-edited-2.jpg 1008w, https:\/\/martina.freilis.at\/wp-content\/uploads\/2025\/10\/Bernhard-edited-2-225x300.jpg 225w, https:\/\/martina.freilis.at\/wp-content\/uploads\/2025\/10\/Bernhard-edited-2-768x1024.jpg 768w\" sizes=\"auto, (max-width: 1008px) 100vw, 1008px\" \/><\/figure>\n\n\n\n<div class=\"wp-block-group is-vertical is-content-justification-center is-nowrap is-layout-flex wp-container-core-group-is-layout-21d4e958 wp-block-group-is-layout-flex\">\n<p class=\"has-text-align-center has-text-color has-link-color has-small-font-size wp-elements-ef1ab44ed9fba3a197ce9b38c811f2b5\" style=\"color:#3a5242\"><strong>Bernhard H\u00f6rtenhuber<\/strong><\/p>\n\n\n\n<p class=\"has-text-align-center has-text-color has-link-color has-small-font-size wp-elements-b901ecbac621d973cb36c9440294c8d2\" style=\"color:#3a5242\">Heilmassage<\/p>\n<\/div>\n<\/div>\n<\/div>\n<\/div>\n","protected":false},"excerpt":{"rendered":"<p>WEIL IHRE GESUNDHEIT Z\u00c4HLT seit 3. Oktober 2022 d\u00fcrfen wir Sie in unserer neu ausgestatteten Ordination mit Hausapotheke am bekannten Standort in der&nbsp;Wei\u00dfe-Kreuz-Stra\u00dfe 76 in Adlwang&nbsp;begr\u00fc\u00dfen. Wir freuen uns nach wie vor \u00fcber neue Patientinnen und Patienten und laden sie herzlich ein, uns als Ihren Hausarzt zu w\u00e4hlen. Man soll vor allem Mensch sein und [&hellip;]<\/p>\n","protected":false},"author":1,"featured_media":0,"parent":0,"menu_order":0,"comment_status":"closed","ping_status":"closed","template":"","meta":{"footnotes":""},"class_list":["post-10","page","type-page","status-publish","hentry"],"_links":{"self":[{"href":"https:\/\/martina.freilis.at\/index.php?rest_route=\/wp\/v2\/pages\/10","targetHints":{"allow":["GET"]}}],"collection":[{"href":"https:\/\/martina.freilis.at\/index.php?rest_route=\/wp\/v2\/pages"}],"about":[{"href":"https:\/\/martina.freilis.at\/index.php?rest_route=\/wp\/v2\/types\/page"}],"author":[{"embeddable":true,"href":"https:\/\/martina.freilis.at\/index.php?rest_route=\/wp\/v2\/users\/1"}],"replies":[{"embeddable":true,"href":"https:\/\/martina.freilis.at\/index.php?rest_route=%2Fwp%2Fv2%2Fcomments&post=10"}],"version-history":[{"count":30,"href":"https:\/\/martina.freilis.at\/index.php?rest_route=\/wp\/v2\/pages\/10\/revisions"}],"predecessor-version":[{"id":92,"href":"https:\/\/martina.freilis.at\/index.php?rest_route=\/wp\/v2\/pages\/10\/revisions\/92"}],"wp:attachment":[{"href":"https:\/\/martina.freilis.at\/index.php?rest_route=%2Fwp%2Fv2%2Fmedia&parent=10"}],"curies":[{"name":"wp","href":"https:\/\/api.w.org\/{rel}","templated":true}]}}